tors of 112574?
2, 7, 11, 17, 43
What are the prime factors of 26?
2, 13
What are the prime factors of 2173?
41, 53
What are the prime factors of 732?
2, 3, 61
List the prime factors of 564.
2, 3, 47
What are the prime factors of 6434?
2, 3217
List the prime factors of 9876.
2, 3, 823
What are the prime factors of 5063?
61, 83
List the prime factors of 885.
3, 5, 59
What are the prime factors of 54803?
7, 7829
List the prime factors of 3262.
2, 7, 233
What are the prime factors of 75677?
7, 19, 569
What are the prime factors of 1947?
3, 11, 59
What are the prime factors of 1518?
2, 3, 11, 23
List the prime factors of 11610.
2, 3, 5, 43
What are the prime factors of 48831?
3, 41, 397
List the prime factors of 2151.
3, 239
What are the prime factors of 11096?
2, 19, 73
What are the prime factors of 8896?
2, 139
What are the prime factors of 1719?
3, 191
List the prime factors of 14576.
2, 911
What are the prime factors of 8972?
2, 2243
What are the prime factors of 31458?
2, 3, 7, 107
What are the prime factors of 11099?
11, 1009
What are the prime factors of 99922?
2, 47, 1063
What are the prime factors of 3186?
2, 3, 59
What are the prime factors of 1752?
2, 3, 73
What are the prime factors of 1382?
2, 691
List the prime factors of 7707.
3, 7, 367
List the prime factors of 42367.
13, 3259
What are the prime factors of 1885?
5, 13, 29
What are the prime factors of 59034?
2, 3, 9839
What are the prime factors of 871?
13, 67
List the prime factors of 10013.
17, 19, 31
What are the prime factors of 24972?
2, 3, 2081
What are the prime factors of 717?
3, 239
List the prime factors of 3462.
2, 3, 577
What are the prime factors of 6664?
2, 7, 17
What are the prime factors of 3647?
7, 521
What are the prime factors of 897?
3, 13, 23
List the prime factors of 8692.
2, 41, 53
List the prime factors of 8432.
2, 17, 31
List the prime factors of 8120.
2, 5, 7, 29
What are the prime factors of 23718?
2, 3, 59, 67
List the prime factors of 118763.
113, 1051
List the prime factors of 165821.
79, 2099
What are the prime factors of 2054?
2, 13, 79
What are the prime factors of 60186?
2, 3, 7, 1433
What are the prime factors of 1184?
2, 37
List the prime factors of 959.
7, 137
List the prime factors of 839.
839
What are the prime factors of 37?
37
What are the prime factors of 12540?
2, 3, 5, 11, 19
List the prime factors of 1486.
2, 743
What are the prime factors of 2001?
3, 23, 29
What are the prime factors of 3987?
3, 443
What are the prime factors of 3771?
3, 419
List the prime factors of 7672.
2, 7, 137
What are the prime factors of 15987?
3, 73
What are the prime factors of 1378?
2, 13, 53
What are the prime factors of 16467?
3, 11, 499
What are the prime factors of 2076?
2, 3, 173
List the prime factors of 1258.
2, 17, 37
What are the prime factors of 940?
2, 5, 47
What are the prime factors of 2278?
2, 17, 67
What are the prime factors of 1857?
3, 619
What are the prime factors of 1461?
3, 487
List the prime factors of 7635.
3, 5, 509
What are the prime factors of 18748?
2, 43, 109
List the prime factors of 10271.
10271
List the prime factors of 12695.
5, 2539
What are the prime factors of 503?
503
List the prime factors of 41637.
3, 13879
List the prime factors of 232.
2, 29
List the prime factors of 54160.
2, 5, 677
What are the prime factors of 5251?
59, 89
What are the prime factors of 2965?
5, 593
List the prime factors of 9045.
3, 5, 67
List the prime factors of 1409.
1409
What are the prime factors of 3216?
2, 3, 67
List the prime factors of 34879.
13, 2683
List the prime factors of 4837.
7, 691
List the prime factors of 51294.
2, 3, 83, 103
What are the prime factors of 2092?
2, 523
List the prime factors of 9085.
5, 23, 79
What are the prime factors of 11286?
2, 3, 11, 19
What are the prime factors of 12564?
2, 3, 349
What are the prime factors of 326?
2, 163
What are the prime factors of 106376?
2, 13297
List the prime factors of 6567.
3, 11, 199
What are the prime factors of 69988?
2, 17497
What are the prime factors of 458?
2, 229
What are the prime factors of 7959?
3, 7, 379
What are the prime factors of 3552?
2, 3, 37
What are the prime factors of 46394?
2, 23197
What are the prime factors of 696?
2, 3, 29
List the prime factors of 1273.
19, 67
What are the prime factors of 1288?
2, 7, 23
List the prime factors of 1308.
2, 3, 109
What are the prime factors of 887?
887
What are the prime factors of 112654?
2, 23, 31, 79
List the prime factors of 21245.
5, 7, 607
What are the prime factors of 67771?
11, 61, 101
List the prime factors of 6910.
2, 5, 691
What are the prime factors of 766?
2, 383
What are the prime factors of 641?
641
What are the prime factors of 1471?
1471
List the prime factors of 9369.
3, 347
What are the prime factors of 9689?
9689
What are the prime factors of 180?
2, 3, 5
List the prime factors of 17954.
2, 47, 191
What are the prime factors of 1005?
3, 5, 67
List the prime factors of 728.
2, 7, 13
List the prime factors of 7673.
7673
List the prime factors of 49284.
2, 3, 37
What are the prime factors of 4190?
2, 5, 419
What are the prime factors of 89382?
2, 3, 14897
What are the prime factors of 5090?
2, 5, 509
What are the prime factors of 536?
2, 67
List the prime factors of 2104.
2, 263
List the prime factors of 1283.
1283
List the prime factors of 94380.
2, 3, 5, 11, 13
List the prime factors of 1218.
2, 3, 7, 29
List the prime factors of 384.
2, 3
What are the prime factors of 24174?
2, 3, 17, 79
List the prime factors of 12698.
2, 7, 907
List the prime factors of 1359.
3, 151
What are the prime factors of 7998?
2, 3, 31, 43
What are the prime factors of 521?
521
List the prime factors of 377.
13, 29
What are the prime factors of 2903?
2903
List the prime factors of 1285.
5, 257
What are the prime factors of 377?
13, 29
What are the prime factors of 81240?
2, 3, 5, 677
What are the prime factors of 821?
821
List the prime factors of 34014.
2, 3, 5669
List the prime factors of 471.
3, 157
What are the prime factors of 78072?
2, 3, 3253
List the prime factors of 3628.
2, 907
List the prime factors of 40342.
2, 23, 877
What are the prime factors of 8296?
2, 17, 61
List the prime factors of 102559.
102559
What are the prime factors of 1108?
2, 277
What are the prime factors of 24521?
7, 31, 113
List the prime factors of 3281.
17, 193
List the prime factors of 12609.
3, 467
List the prime factors of 952.
2, 7, 17
What are the prime factors of 101?
101
List the prime factors of 6131.
6131
What are the prime factors of 7634?
2, 11, 347
What are the prime factors of 17549?
7, 23, 109
List the prime factors of 14128.
2, 883
List the prime factors of 2203.
2203
List the prime factors of 20519.
17, 71
List the prime factors of 310.
2, 5, 31
What are the prime factors of 30866?
2, 11, 23, 61
What are the prime factors of 1613?
1613
List the prime factors of 1275.
3, 5, 17
List the prime factors of 93599.
11, 67, 127
What are the prime factors of 22179?
3, 7393
List the prime factors of 24772.
2, 11, 563
List the prime factors of 3775.
5, 151
What are the prime factors of 4804?
2, 1201
List the prime factors of 1016.
2, 127
What are the prime factors of 1081?
23, 47
What are the prime factors of 1018?
2, 509
What are the prime factors of 7482?
2, 3, 29, 43
List the prime factors of 4014.
2, 3, 223
List the prime factors of 1264.
2, 79
What are the prime factors of 2273?
2273
What are the prime factors of 2503?
2503
What are the prime factors of 5638?
2, 2819
What are the prime factors of 143?
11, 13
What are the prime factors of 2613?
3, 13, 67
What are the prime factors of 5470?
2, 5, 547
List the prime factors of 42599.
41, 1039
What are the prime factors of 3187?
3187
What are the prime factors of 423?
3, 47
What are the prime factors of 125151?
3, 13, 3209
List the prime factors of 43143.
3, 73, 197
What are the prime factors of 1637?
1637
What are the prime factors of 17593?
73, 241
What are the prime factors of 10808?
2, 7, 193
List the prime factors of 1719.
3, 191
List the prime factors of 2067.
3, 13, 53
List the prime factors of 491.
491
What are the prime factors of 697?
17, 41
What are the prime factors of 2656?
2, 83
List the prime factors of 22119.
3, 73, 101
List the prime factors of 21563.
21563
What are t